49, 2*y - 680 = -3*g. What is the highest common divisor of 46 and g?
46
Let a be -129*(-7 + 3 + 3) - 3. Let c(o) = 2*o**3 + 19*o**2 + 8*o + 9. Let z be c(-9). What is the greatest common divisor of a and z?
18
Let c(o) = o**3 - 3*o**2 + 37*o - 179. Let k be c(5). What is the greatest common divisor of 1883 and k?
7
Suppose -10*b - 32*t = -7*b - 173, -2*t = 10. Calculate the greatest common divisor of b and 8510.
37
Let a be -10*((-464)/40 + -4). Suppose 92*w = 86*w + a. What is the greatest common divisor of 442 and w?
26
Let f = -201 - -204. Suppose j = -f*c + 18, -24 + 2 = -j - c. Calculate the greatest common divisor of 72 and j.
24
Suppose 120 = -4*s + 4*l - 156, -271 = 4*s - 5*l. Let b = 84 + s. Calculate the greatest common factor of b and 5.
5
Let z be (-1 + -3 + 3)*0. Suppose -5*t - 9 = -2*x + 11, z = 4*t + 16. Suppose x = -d + 7*d - 558. Calculate the greatest common divisor of d and 62.
31
Let f be (5 - 472/24)*(-4)/((-16)/(-879)). What is the greatest common factor of 33 and f?
11
Let v = 27 - 27. Suppose 3*a - 4918 = 3*f + f, v = 2*f + 8. Suppose -9*m + 5297 = a. Calculate the highest common factor of 37 and m.
37
Let v = 331 + -337. Let s be 165/220*(-784)/v. Calculate the highest common factor of s and 245.
49
Let c be (-1)/(-1) - 20/(-4). Let n be (-7 + (c - 4))*-26. Calculate the highest common divisor of 20 and n.
10
Suppose 2*i = -10*i - 180. Let l be (-5 + (-81)/i)*55 + 0. What is the highest common divisor of 143 and l?
11
Let y(q) = -2*q**3 - 24*q + q**3 + 2*q**3 + 15*q**2 - 2*q**2 - 4*q**2. Let s be y(-11). Calculate the greatest common divisor of s and 55.
11
Let c be ((-6)/30*4)/(1/5). Let v(n) = -n**3 + n**2 - n - 6. Let a be v(c). Let p = 166 - a. Calculate the highest common factor of 8 and p.
8
Suppose -4*j + 3*h + 399 = 0, -5*h - 57 = 4*j - 416. Let l be 100/30*(-8640)/(-225). What is the highest common divisor of j and l?
32
Suppose -4*c - 2 = -2*v, -3*v - 4 + 9 = -4*c. Suppose -v*m + 594 = 6*m. Calculate the highest common factor of m and 99.
33
Let y be (-12)/(9/(-3 - 24)). Suppose -3*d = -0*g - g + 25, -4*d + y = 4*g. What is the highest common divisor of g and 247?
13
Let f be ((-11)/66*9)/(4/(-480)). What is the highest common divisor of 810 and f?
90
Let w = 138 - 94. Let p = -277 - -283. Let n be p/18*-21*(-11)/7. Calculate the greatest common factor of n and w.
11
Let d be ((-3)/2)/(96/896). Let b be 679 + (-20 - d)/(-3 - -1). What is the highest common divisor of b and 62?
62
Let i be 41748/3780 + (-6)/135. Let r(x) = -x**2 - 6*x + 2. Let j be r(-3). What is the highest common factor of i and j?
11
Let n(i) = i**2 - 24*i - 13. Let r(w) = -12*w - 81. Let g be r(-9). Let f be n(g). What is the highest common factor of f and 119?
17
Suppose -5*q + 65 = 5*g, -30 + 55 = g - 3*q. What is the highest common factor of g and 9352?
8
Let k = -34 + -69. Let y = -71 - k. What is the highest common divisor of 96 and y?
32
Let r = 166134 + -165944. Suppose h = 9 + 1. What is the greatest common divisor of h and r?
10
Suppose 150*z - 146*z - k = 825, 5*z + k - 1047 = 0. What is the greatest common divisor of z and 32?
16
Suppose -2*k - 66 + 10 = 0. Let n = k - -55. Let u(r) = r**3 + 20*r**2 - 53*r - 90. Let t be u(-22). What is the greatest common factor of n and t?
27
Suppose 6 = 973*m - 970*m. Suppose m*y - 221 = -185. What is the greatest common factor of y and 84?
6
Suppose -17*x + 13*x = -128. Suppose -x = -17*c + 223. Calculate the greatest common divisor of c and 9.
3
Let j = 15605 + -11284. Calculate the highest common factor of 149 and j.
149
Let s(l) = 9*l - 7. Let k be s(5). Let t be 22/(3630/13717) + (-2)/15. Let g = t - k. What is the highest common divisor of g and 5?
5
Let a(s) = -6*s**2 + 359*s - 859. Let x be a(56). Let o = -6 + 28. What is the greatest common factor of o and x?
11
Let u = -620 - -239. Let j = -346 - u. What is the greatest common factor of j and 385?
35
Suppose -4*z - 33 = -w, 0 = -4*w + 5*w + 3. Let k be 6/z - ((-74)/3 - 2). Let f = k + -2. What is the greatest common divisor of 60 and f?
12
Let f = -65 + 61. Let s be ((-7)/(-28) - 3/f)*4. Suppose s*b - d = 3*b + 82, 0 = d + 5. Calculate the highest common divisor of 7 and b.
7
Let x be (2024/(-23))/((-8)/168). Calculate the highest common divisor of 84 and x.
84
Let d be 3 - (3 - 26 - -2). Suppose 2*y = 4*y - d. Suppose g - 4*o - 8 = 0, -8*g + 14 = -5*g - 2*o. Calculate the highest common factor of g and y.
4
Let t be -2*3*196910/(-679). Calculate the greatest common divisor of 812 and t.
116
Suppose -2*u + 16*p - 14*p = -1336, -4*p = -3*u + 2001. Suppose -285 = -4*z - 4*q + u, 5*z - 1203 = -3*q. What is the highest common factor of 54 and z?
27
Let v be (-6)/4*(-8 + (-5268)/18). Calculate the greatest common divisor of v and 11.
11
Let s be -1 + 3 - (-2 - -4). Suppose 0 = -4*d - 3*h - h + 36, -5*d - h + 33 = s. Let a be 27 + 0 - 5/(10/d). What is the highest common divisor of 36 and a?
12
Let v(c) = 23*c + 922. Let h be v(-22). Calculate the greatest common factor of h and 156.
52
Suppose 10*c = 496 + 24. Suppose -c*t + 4922 = -16190. Calculate the highest common factor of 116 and t.
58
Let i(r) = -2*r**2 + r + 354. Let x be i(0). Let q = x + -139. Suppose q - 5 = 5*n. Calculate the greatest common divisor of 105 and n.
21
Suppose 6 = -3*z, 518 = 4*c - 0*c - z. Calculate the greatest common factor of 11696 and c.
43
Let f = 10228 + -10100. What is the greatest common divisor of 20992 and f?
128
Let v be (13 - 9) + 81 + -4. Suppose 0 = 25*c - 1086 + 411. Calculate the greatest common divisor of c and v.
27
Let m(f) = -f**2 - 54*f - 323. Let p be m(-44). Let n = -30 + 15. Let o be ((-9)/n)/((-2)/(-30)). Calculate the highest common divisor of p and o.
9
Suppose 4*z - 51*g - 1076 = -48*g, 0 = 3*z + 5*g - 836. Suppose -5*b - 4*r - 167 + 1025 = 0, -4*b + 682 = r. Calculate the highest common factor of z and b.
34
Suppose -5*s - 2*t + 1723 = 323, 3*t = 2*s - 560. Let i = -150 + s. Suppose -5*p - 2 + 22 = 0, -4*p = 3*g - 94. What is the highest common divisor of i and g?
26
Let m be (2 - 15/6)/(2/(-480)). Suppose -m = -0*r - 4*r. What is the highest common factor of 6 and r?
6
Suppose -2 - 43 = -3*l. Let t(i) = 5*i**2 + 27*i + 7. Let x be t(-6). What is the greatest common divisor of x and l?
5
Let t be (-2)/(-11) - (-210)/(-66). Let z(x) = -75*x + 11. Let s be z(t). What is the highest common divisor of s and 177?
59
Let w(c) = 7*c - 67 + c**2 - 2*c**3 - 4*c**2 + 68 + 5*c**2 - 3*c. Let t be w(-1). Calculate the greatest common divisor of 4 and t.
1
Let x(f) = f**3 - 5*f**2 - 12*f + 2. Let o = 118 + -111. Let h be x(o). Calculate the greatest common factor of h and 128.
16
Suppose -48*n - 229794 = -1114146. Calculate the highest common divisor of 188 and n.
188
Suppose -2*i - 51 = -k, 2*i - 4 = -2*i. Calculate the highest common factor of k and 848.
53
Let f = 79 - -61. Let g be 3/(6/52) + (-24)/(-12). Calculate the highest common divisor of f and g.
28
Suppose 5*u + 3*p = -1935, 3*p - 2209 = 5*u - 244. Let x = u - -434. What is the highest common divisor of 88 and x?
44
Let y = 15 - 11. Suppose 0 = 6*z + y - 142. Let u(x) = -2*x + 48. Let g be u(z). Calculate the highest common divisor of 8 and g.
2
Suppose -16*o + 823 = -393. Suppose -4*i = 2*u - o, 44 + 8 = 3*i - u. Let d be 21*(2 - (-52)/7). What is the highest common factor of d and i?
18
Suppose 39*f - 1840 = -280. Suppose 131*b - 139*b = -f. Let g(z) = -z**3 + 7*z**2 - 2*z. Let p be g(4). What is the greatest common divisor of b and p?
5
Let o(m) = m**3 - 24*m**2 + 49*m - 108. Let d be o(22). Suppose a - 11 = -3. What is the greatest common factor of d and a?
2
Let i be (-1719)/(-10) - 134/(-1340). What is the highest common factor of i and 1118?
86
Let c = 55191 + -55134. Let m = 3042 - 2130. Calculate the highest common factor of m and c.
57
Suppose -41 = -5*q - 251. Let o be (-52)/3*q/14. Suppose 23*w - 108 - 191 = 0. What is the highest common factor of o and w?
13
Suppose 4*x - 11 + 3 = 0, 0 = -2*a - 2*x + 180. Suppose 5*q + 8 = 4*i - 121, -2*q - a = -3*i. Calculate the highest common divisor of 247 and i.
13
Let s = -917 + 1297. What is the greatest common divisor of 1197 and s?
19
Suppose 0 = -3*g + 15, -8675 = 14*k - 19*k + 4*g. Calculate the greatest common factor of 